{"id":6475,"date":"2025-09-18T14:37:55","date_gmt":"2025-09-18T12:37:55","guid":{"rendered":"https:\/\/www.sonnenschutz-lang.com\/shop\/?post_type=product&#038;p=6475"},"modified":"2025-09-22T10:28:07","modified_gmt":"2025-09-22T08:28:07","slug":"varisol-w450-variable-wintergartenmarkise","status":"publish","type":"product","link":"\/shop\/produkt\/varisol-w450-variable-wintergartenmarkise\/","title":{"rendered":"Varisol W450 Variable Wintergartenmarkise"},"content":{"rendered":"<p class=\"h4\"><strong>Aufgesetzter Kasten<\/strong><\/p>\n<p class=\"margin-bottom\"><strong>Der Markisenkasten<\/strong> wird bei der Montage nur auf die Aufnahmen am oberen Ende der F\u00fchrungsschienen aufgesetzt und braucht keine Befestigung am Wintergarten. Eine Hohlkammer am Kastenboden sorgt f\u00fcr maximale Stabilit\u00e4t. <\/p>\n<p class=\"h4\"><strong>Ab in die Mitte!<\/strong><\/p>\n<p class=\"margin-bottom\">Maximale Flexibilit\u00e4t gew\u00e4hren die variabel positionierbaren F\u00fchrungsschienen. Bei seitlichen Schr\u00e4gen k\u00f6nnen sie einfach weiter mittig angebracht werden \u2013 der Spielraum betr\u00e4gt auf jeder Seite bis zu 1,5 Meter von au\u00dfen nach innen.<\/p>\n<p class=\"h4\"><strong>W450 Merkmale<\/strong><\/p>\n<ul class=\"styled-list margin-bottom\">\n<li>Optimale L\u00f6sung f\u00fcr gro\u00dfe Winterg\u00e4rten<\/li>\n<li>Tuchfl\u00e4che bis 30 m\u00b2<\/li>\n<li>Variable Anordnung der F\u00fchrungsschienen m\u00f6glich<\/li>\n<li>10 Gestellfarben zur Auswahl<\/li>\n<li>Kompakte Konstruktion<\/li>\n<\/ul>\n<p class=\"h4\"><strong>W450 Optionen<\/strong><\/p>\n<ul class=\"styled-list margin-bottom\">\n<li>Markisengestell in Wunschfarbe<\/li>\n<li>Funkmotor-Bedienung per Handsender<\/li>\n<li>SOMFY Sonnen- und Windw\u00e4chter<\/li>\n<li>Wetterstation Elsner Solexa<\/li>\n<\/ul>\n","protected":false},"excerpt":{"rendered":"<h3>Enorme Vielfalt unter einem Dach \u2013 <span>Flexibilit\u00e4t f\u00fcr ausgefallene Anspr\u00fcche<\/span><\/h3>\n<p><strong>Die variable Wintergartenmarkise W450<\/strong> zeigt sich besonders wandlungsf\u00e4hig: Ob Walmen oder seitliche Schr\u00e4gen \u2013 ausgefallene Dachformen beschattet sie mit Leichtigkeit. Die F\u00fchrungsschienen lassen sich vom \u00e4u\u00dferen Rand ganz einfach weiter zur Mitte hin positionieren. So kann das Tuch ganz komfortabel die gesamte Grundfl\u00e4che beschatten. <\/p>\n","protected":false},"featured_media":6477,"comment_status":"closed","ping_status":"closed","template":"","meta":{"_acf_changed":false},"product_brand":[],"product_cat":[297,308],"product_tag":[],"class_list":{"0":"post-6475","1":"product","2":"type-product","3":"status-publish","4":"has-post-thumbnail","6":"product_cat-markisen","7":"product_cat-wintergartenmarkise","9":"first","10":"instock","11":"shipping-taxable","12":"purchasable","13":"product-type-simple"},"acf":[],"_links":{"self":[{"href":"\/shop\/wp-json\/wp\/v2\/product\/6475","targetHints":{"allow":["GET"]}}],"collection":[{"href":"\/shop\/wp-json\/wp\/v2\/product"}],"about":[{"href":"\/shop\/wp-json\/wp\/v2\/types\/product"}],"replies":[{"embeddable":true,"href":"\/shop\/wp-json\/wp\/v2\/comments?post=6475"}],"wp:featuredmedia":[{"embeddable":true,"href":"\/shop\/wp-json\/wp\/v2\/media\/6477"}],"wp:attachment":[{"href":"\/shop\/wp-json\/wp\/v2\/media?parent=6475"}],"wp:term":[{"taxonomy":"product_brand","embeddable":true,"href":"\/shop\/wp-json\/wp\/v2\/product_brand?post=6475"},{"taxonomy":"product_cat","embeddable":true,"href":"\/shop\/wp-json\/wp\/v2\/product_cat?post=6475"},{"taxonomy":"product_tag","embeddable":true,"href":"\/shop\/wp-json\/wp\/v2\/product_tag?post=6475"}],"curies":[{"name":"wp","href":"https:\/\/api.w.org\/{rel}","templated":true}]}}

<p class="h4"><strong>Aufgesetzter Kasten</strong></p>
<p class="margin-bottom"><strong>Der Markisenkasten</strong> wird bei der Montage nur auf die Aufnahmen am oberen Ende der Führungsschienen aufgesetzt und braucht keine Befestigung am Wintergarten. Eine Hohlkammer am Kastenboden sorgt für maximale Stabilität. </p>
<p class="h4"><strong>Ab in die Mitte!</strong></p>
<p class="margin-bottom">Maximale Flexibilität gewähren die variabel positionierbaren Führungsschienen. Bei seitlichen Schrägen können sie einfach weiter mittig angebracht werden – der Spielraum beträgt auf jeder Seite bis zu 1,5 Meter von außen nach innen.</p>
<p class="h4"><strong>W450 Merkmale</strong></p>
<ul class="styled-list margin-bottom">
<li>Optimale Lösung für große Wintergärten</li>
<li>Tuchfläche bis 30 m²</li>
<li>Variable Anordnung der Führungsschienen möglich</li>
<li>10 Gestellfarben zur Auswahl</li>
<li>Kompakte Konstruktion</li>
</ul>
<p class="h4"><strong>W450 Optionen</strong></p>
<ul class="styled-list margin-bottom">
<li>Markisengestell in Wunschfarbe</li>
<li>Funkmotor-Bedienung per Handsender</li>
<li>SOMFY Sonnen- und Windwächter</li>
<li>Wetterstation Elsner Solexa</li>
</ul>

<h3>Enorme Vielfalt unter einem Dach – <span>Flexibilität für ausgefallene Ansprüche</span></h3>
<p><strong>Die variable Wintergartenmarkise W450</strong> zeigt sich besonders wandlungsfähig: Ob Walmen oder seitliche Schrägen – ausgefallene Dachformen beschattet sie mit Leichtigkeit. Die Führungsschienen lassen sich vom äußeren Rand ganz einfach weiter zur Mitte hin positionieren. So kann das Tuch ganz komfortabel die gesamte Grundfläche beschatten. </p>
