{"id":6490,"date":"2025-09-18T14:54:46","date_gmt":"2025-09-18T12:54:46","guid":{"rendered":"https:\/\/www.sonnenschutz-lang.com\/shop\/?post_type=product&#038;p=6490"},"modified":"2025-09-22T14:38:24","modified_gmt":"2025-09-22T12:38:24","slug":"varisol-t200-terrassendachmarkise","status":"publish","type":"product","link":"\/shop\/produkt\/varisol-t200-terrassendachmarkise\/","title":{"rendered":"Varisol T200 Terrassendachmarkise"},"content":{"rendered":"<p class=\"h4\"><strong>Dezent und stilvoll<\/strong><\/p>\n<p class=\"margin-bottom\"><strong>F\u00fcr eine ansprechende Optik<\/strong> sind Gestell und Markisenkasten besonders zur\u00fcckhaltend gestaltet. Der abgerundete Markisenkasten wirkt zusammen mit den filigranen F\u00fchrungsschienen besonders harmonisch.<\/p>\n<p class=\"h4\"><strong>Keine halben Sachen<\/strong><\/p>\n<p class=\"margin-bottom\"><strong>Die F\u00fchrungsschienen<\/strong> fahren die Fallstange bis zum Ende aus, sodass von vorne eine b\u00fcndige Fl\u00e4che entsteht. Dies sorgt f\u00fcr eine besonders hochwertige, harmonische \u00c4sthetik.<\/p>\n<p class=\"h4\"><strong>T200 Optionen<\/strong><\/p>\n<ul class=\"styled-list margin-bottom\">\n<li>Vario-Volant mit Kurbelantrieb<\/li>\n<li>Markisengestell in Wunschfarbe<\/li>\n<li>Funkmotor-Bedienung per Handsender<\/li>\n<li>Kurbelantrieb der Markise<\/li>\n<\/ul>\n<p class=\"h4\"><strong>T200 Merkmale<\/strong><\/p>\n<ul class=\"styled-list margin-bottom\">\n<li>Tuchfl\u00e4che einzeln bis 27 m2<\/li>\n<li>Maximal zwei Elemente kuppelbar<\/li>\n<li>10 Gestellfarben zur Auswahl<\/li>\n<li>Filigrane F\u00fchrungsschienen fahren die Fallstange bis zum Ende aus<\/li>\n<li>Ger\u00e4uscharmer Betrieb<\/li>\n<li>Kompakter Markisenkasten<\/li>\n<\/ul>\n","protected":false},"excerpt":{"rendered":"<h3>Entspannte Sicht, angenehme Temperatur \u2013 beste Perspektiven<\/h3>\n<p><strong>Die Terrassendachmarkise T200<\/strong> ist der unangefochtene Klassiker f\u00fcr die Beschattung von Terrassend\u00e4chern. In der Breite sehr flexibel und im Ausfall von bis zu viereinhalb Metern gro\u00dfz\u00fcgig, eignet sie sich fast f\u00fcr jede Einbausituation. Ob Sie schlicht den besten Sonnenschutz wollen oder s\u00e4mtliche Komfortoptionen aussch\u00f6pfen m\u00f6chten: Die T200 l\u00e4sst garantiert keine W\u00fcnsche offen.<\/p>\n","protected":false},"featured_media":6629,"comment_status":"closed","ping_status":"closed","template":"","meta":{"_acf_changed":false},"product_brand":[],"product_cat":[297,309],"product_tag":[],"class_list":{"0":"post-6490","1":"product","2":"type-product","3":"status-publish","4":"has-post-thumbnail","6":"product_cat-markisen","7":"product_cat-terrassendachmarkisen","9":"first","10":"instock","11":"shipping-taxable","12":"purchasable","13":"product-type-simple"},"acf":[],"_links":{"self":[{"href":"\/shop\/wp-json\/wp\/v2\/product\/6490","targetHints":{"allow":["GET"]}}],"collection":[{"href":"\/shop\/wp-json\/wp\/v2\/product"}],"about":[{"href":"\/shop\/wp-json\/wp\/v2\/types\/product"}],"replies":[{"embeddable":true,"href":"\/shop\/wp-json\/wp\/v2\/comments?post=6490"}],"wp:featuredmedia":[{"embeddable":true,"href":"\/shop\/wp-json\/wp\/v2\/media\/6629"}],"wp:attachment":[{"href":"\/shop\/wp-json\/wp\/v2\/media?parent=6490"}],"wp:term":[{"taxonomy":"product_brand","embeddable":true,"href":"\/shop\/wp-json\/wp\/v2\/product_brand?post=6490"},{"taxonomy":"product_cat","embeddable":true,"href":"\/shop\/wp-json\/wp\/v2\/product_cat?post=6490"},{"taxonomy":"product_tag","embeddable":true,"href":"\/shop\/wp-json\/wp\/v2\/product_tag?post=6490"}],"curies":[{"name":"wp","href":"https:\/\/api.w.org\/{rel}","templated":true}]}}