{"id":6512,"date":"2025-09-18T15:16:19","date_gmt":"2025-09-18T13:16:19","guid":{"rendered":"https:\/\/www.sonnenschutz-lang.com\/shop\/?post_type=product&#038;p=6512"},"modified":"2025-09-22T10:37:34","modified_gmt":"2025-09-22T08:37:34","slug":"varisol-f411-f412-senkrechtmarkise-mit-seil-oder-schienenfuehrung","status":"publish","type":"product","link":"\/shop\/produkt\/varisol-f411-f412-senkrechtmarkise-mit-seil-oder-schienenfuehrung\/","title":{"rendered":"Varisol F411 \/ F412 Senkrechtmarkise mit Seil- oder Schienenf\u00fchrung"},"content":{"rendered":"<p class=\"h4\"><strong>Rundum sicher gesch\u00fctzt<\/strong><\/p>\n<p class=\"margin-bottom\">Der schlanke Markisenkasten mit Seitenkappen aus Aluminium bietet Tuch und Mechanik sicheren Rundumschutz vor Witterung und Verschmutzung.<\/p>\n<p class=\"h4\"><strong>Beidseitige F\u00fchrung<\/strong><\/p>\n<p class=\"margin-bottom\"><strong>Bei gekuppelten Anlagen<\/strong> sorgen Mittelf\u00fchrungsschienen f\u00fcr eine sichere Bewegung der Ausfallprofile. Die schmalen Schienen f\u00fcgen sich unauff\u00e4llig in die Gesamtansicht der F412 ein.<\/p>\n<p class=\"h4\"><strong>F411 \/ F412 Merkmale<\/strong><\/p>\n<ul class=\"styled-list margin-bottom\">\n<li>Max. Tuchfl\u00e4che einzeln 15 m\u00b2<\/li>\n<li>Max. Breite einzeln 5 m<\/li>\n<li>Bis zu 3 Anlagen kuppelbar<\/li>\n<li>Seil- oder Schienenf\u00fchrung<\/li>\n<li>Seitenkappen aus Aluminium<\/li>\n<li>Bespannung aus Starscreen, Acryl, Polyester, Glasfaser oder Soltis86-Screen<\/li>\n<\/ul>\n<p class=\"h4\"><strong>F411 \/ F412 Optionen<\/strong><\/p>\n<ul class=\"styled-list margin-bottom\">\n<li>Markisengestell in Wunschfarbe<\/li>\n<li>Manuelle Bedienung durch Kurbelantrieb<\/li>\n<li>Funkmotor-Bedienung per Handsender<\/li>\n<li>Bespannung aus Soltis92-Screen<\/li>\n<\/ul>\n","protected":false},"excerpt":{"rendered":"<h3>Der Klassiker f\u00fcr angenehme Lichtverh\u00e4ltnisse<\/h3>\n<p><strong>Die Senkrechtmarkise mit Seil- oder Schienenf\u00fchrung<\/strong> sorgt zu jeder Tageszeit mit optimalen Lichtverh\u00e4ltnissen f\u00fcr Wohlbehagen. Am Arbeitsplatz vermeidet sie st\u00f6rende Reflexionen auf dem Computerbildschirm, nach Feierabend schafft sie entspannende Gespr\u00e4chsatmosph\u00e4re ohne Blendung. Das Umwelt-Plus: Ganz ohne Klimager\u00e4t halten Varisol-Markisen die Raumtemperatur auf angenehmem Niveau.<\/p>\n","protected":false},"featured_media":6514,"comment_status":"closed","ping_status":"closed","template":"","meta":{"_acf_changed":false},"product_brand":[],"product_cat":[310,297],"product_tag":[],"class_list":{"0":"post-6512","1":"product","2":"type-product","3":"status-publish","4":"has-post-thumbnail","6":"product_cat-fenstermarkisen","7":"product_cat-markisen","9":"first","10":"instock","11":"shipping-taxable","12":"purchasable","13":"product-type-simple"},"acf":[],"_links":{"self":[{"href":"\/shop\/wp-json\/wp\/v2\/product\/6512","targetHints":{"allow":["GET"]}}],"collection":[{"href":"\/shop\/wp-json\/wp\/v2\/product"}],"about":[{"href":"\/shop\/wp-json\/wp\/v2\/types\/product"}],"replies":[{"embeddable":true,"href":"\/shop\/wp-json\/wp\/v2\/comments?post=6512"}],"wp:featuredmedia":[{"embeddable":true,"href":"\/shop\/wp-json\/wp\/v2\/media\/6514"}],"wp:attachment":[{"href":"\/shop\/wp-json\/wp\/v2\/media?parent=6512"}],"wp:term":[{"taxonomy":"product_brand","embeddable":true,"href":"\/shop\/wp-json\/wp\/v2\/product_brand?post=6512"},{"taxonomy":"product_cat","embeddable":true,"href":"\/shop\/wp-json\/wp\/v2\/product_cat?post=6512"},{"taxonomy":"product_tag","embeddable":true,"href":"\/shop\/wp-json\/wp\/v2\/product_tag?post=6512"}],"curies":[{"name":"wp","href":"https:\/\/api.w.org\/{rel}","templated":true}]}}