{"id":6521,"date":"2025-09-18T15:31:20","date_gmt":"2025-09-18T13:31:20","guid":{"rendered":"https:\/\/www.sonnenschutz-lang.com\/shop\/?post_type=product&#038;p=6521"},"modified":"2025-10-14T12:44:30","modified_gmt":"2025-10-14T10:44:30","slug":"varisol-f431-markisolette","status":"publish","type":"product","link":"\/shop\/produkt\/varisol-f431-markisolette\/","title":{"rendered":"Varisol F431 Markisolette"},"content":{"rendered":"<p class=\"h4\"><strong>Geschlossener Markisenkasten<\/strong><\/p>\n<p class=\"margin-bottom\"><strong>Der elegante Markisenkasten<\/strong> sch\u00fctzt das eingefahrene Tuch vor Wind und Wetter.<\/p>\n<p class=\"h4\"><strong>Aparter Knick in der Ansicht<\/strong><\/p>\n<p class=\"margin-bottom\"><strong>Am Umlenkpunkt<\/strong> f\u00e4hrt die Markise automatisch nach vorne aus. Eine Federung in der Mechanik h\u00e4lt das Tuch jederzeit straff<\/p>\n<p class=\"h4\"><strong>F431 Merkmale<\/strong><\/p>\n<ul class=\"styled-list margin-bottom\">\n<li>Max. Tuchfl\u00e4che einzeln 8,25 m\u00b2<\/li>\n<li>Max. Breite einzeln 3 m<\/li>\n<li>Bis zu 3 Anlagen kuppelbar<\/li>\n<li>Bespannung aus Starscreen, Acryl, Polyester, Glasfaser, oder Soltis86-Screen<\/li>\n<\/ul>\n<p class=\"h4\"><strong>F431 Optionen<\/strong><\/p>\n<ul class=\"styled-list margin-bottom\">\n<li>Markisengestell in Wunschfarbe<\/li>\n<li>Manuelle Bedienung durch Kurbelantrieb<\/li>\n<li>Funkmotor-Bedienung per Handsender<\/li>\n<li>Bespannung aus Soltis92-Screen<\/li>\n<\/ul>\n","protected":false},"excerpt":{"rendered":"<h3>Aufsehenerregend anders \u2013 auf den Punkt beschattet<\/h3>\n<p><strong>Die Markisolette F431<\/strong> veredelt jede Fassade: Egal, ob Zuhause, im Caf\u00e9 oder im B\u00fcro: Wo eine gro\u00dfe Fensterfl\u00e4che beschattet und gleichzeitig die Sicht nicht beeintr\u00e4chtigt werden soll, bietet die Varisol Markisolette die perfekte L\u00f6sung: Sie gleitet bis zu einem definierten Punkt senkrecht nach unten und f\u00e4hrt von dort waagerecht aus \u2013 ein kluger Kniff f\u00fcr angenehme Lichtverh\u00e4ltnisse.<\/p>\n","protected":false},"featured_media":6523,"comment_status":"closed","ping_status":"closed","template":"","meta":{"_acf_changed":false},"product_brand":[],"product_cat":[310,297],"product_tag":[],"class_list":{"0":"post-6521","1":"product","2":"type-product","3":"status-publish","4":"has-post-thumbnail","6":"product_cat-fenstermarkisen","7":"product_cat-markisen","9":"first","10":"instock","11":"shipping-taxable","12":"purchasable","13":"product-type-simple"},"acf":[],"_links":{"self":[{"href":"\/shop\/wp-json\/wp\/v2\/product\/6521","targetHints":{"allow":["GET"]}}],"collection":[{"href":"\/shop\/wp-json\/wp\/v2\/product"}],"about":[{"href":"\/shop\/wp-json\/wp\/v2\/types\/product"}],"replies":[{"embeddable":true,"href":"\/shop\/wp-json\/wp\/v2\/comments?post=6521"}],"wp:featuredmedia":[{"embeddable":true,"href":"\/shop\/wp-json\/wp\/v2\/media\/6523"}],"wp:attachment":[{"href":"\/shop\/wp-json\/wp\/v2\/media?parent=6521"}],"wp:term":[{"taxonomy":"product_brand","embeddable":true,"href":"\/shop\/wp-json\/wp\/v2\/product_brand?post=6521"},{"taxonomy":"product_cat","embeddable":true,"href":"\/shop\/wp-json\/wp\/v2\/product_cat?post=6521"},{"taxonomy":"product_tag","embeddable":true,"href":"\/shop\/wp-json\/wp\/v2\/product_tag?post=6521"}],"curies":[{"name":"wp","href":"https:\/\/api.w.org\/{rel}","templated":true}]}}

<p class="h4"><strong>Geschlossener Markisenkasten</strong></p>
<p class="margin-bottom"><strong>Der elegante Markisenkasten</strong> schützt das eingefahrene Tuch vor Wind und Wetter.</p>
<p class="h4"><strong>Aparter Knick in der Ansicht</strong></p>
<p class="margin-bottom"><strong>Am Umlenkpunkt</strong> fährt die Markise automatisch nach vorne aus. Eine Federung in der Mechanik hält das Tuch jederzeit straff</p>
<p class="h4"><strong>F431 Merkmale</strong></p>
<ul class="styled-list margin-bottom">
<li>Max. Tuchfläche einzeln 8,25 m²</li>
<li>Max. Breite einzeln 3 m</li>
<li>Bis zu 3 Anlagen kuppelbar</li>
<li>Bespannung aus Starscreen, Acryl, Polyester, Glasfaser, oder Soltis86-Screen</li>
</ul>
<p class="h4"><strong>F431 Optionen</strong></p>
<ul class="styled-list margin-bottom">
<li>Markisengestell in Wunschfarbe</li>
<li>Manuelle Bedienung durch Kurbelantrieb</li>
<li>Funkmotor-Bedienung per Handsender</li>
<li>Bespannung aus Soltis92-Screen</li>
</ul>

<h3>Aufsehenerregend anders – auf den Punkt beschattet</h3>
<p><strong>Die Markisolette F431</strong> veredelt jede Fassade: Egal, ob Zuhause, im Café oder im Büro: Wo eine große Fensterfläche beschattet und gleichzeitig die Sicht nicht beeinträchtigt werden soll, bietet die Varisol Markisolette die perfekte Lösung: Sie gleitet bis zu einem definierten Punkt senkrecht nach unten und fährt von dort waagerecht aus – ein kluger Kniff für angenehme Lichtverhältnisse.</p>
