{"id":6524,"date":"2025-09-18T15:36:32","date_gmt":"2025-09-18T13:36:32","guid":{"rendered":"https:\/\/www.sonnenschutz-lang.com\/shop\/?post_type=product&#038;p=6524"},"modified":"2025-10-14T12:45:56","modified_gmt":"2025-10-14T10:45:56","slug":"varisol-f513-kubische-senkrechtmarkise-mit-zip","status":"publish","type":"product","link":"\/shop\/produkt\/varisol-f513-kubische-senkrechtmarkise-mit-zip\/","title":{"rendered":"Varisol F513 Kubische Senkrechtmarkise mit Zip"},"content":{"rendered":"<p class=\"h4\"><strong>Alles im Kasten<\/strong><\/p>\n<p class=\"margin-bottom\"><strong>Ton in Ton<\/strong> pr\u00e4sentiert sich der kubische Markisenkasten. Die pulverbeschichteten Aluminiumprofile sind robust und leicht zu reinigen, sodass die Markise auch nach Jahren genauso so sch\u00f6n ist, wie am ersten Tag.<\/p>\n<p class=\"h4\"><strong>Wie es am Besten passt<\/strong><\/p>\n<p class=\"margin-bottom\"><strong>Ob beim Q.bus, an Fenstern oder Terrassent\u00fcren \u2013<\/strong> die seitlichen F\u00fchrungsschienenhalter sind an Fensterrahmen, in der Laibung oder an den St\u00fctzen freistehender Beschattungssysteme zu montieren.<\/p>\n<p class=\"h4\"><strong>F513 Merkmale<\/strong><\/p>\n<ul class=\"styled-list margin-bottom\">\n<li>Max. Tuchfl\u00e4che 18 m2<\/li>\n<li>Max. Breite 6 m<\/li>\n<li>Zip-Rei\u00dfverschlusssystem f\u00fcr l\u00fcckenlose Beschattung<\/li>\n<li>Bespannung aus Starscreen, Acryl, Polyester, Glasfaser, Soltis86-Screen oder Soltis Veozip<\/li>\n<\/ul>\n<p class=\"h4\"><strong>F513 Optionen<\/strong><\/p>\n<ul class=\"styled-list margin-bottom\">\n<li>Markisengestell in Wunschfarbe<\/li>\n<li>Funkmotor-Bedienung per Handsender<\/li>\n<li>Bespannung aus Soltis92-Screen<\/li>\n<\/ul>\n","protected":false},"excerpt":{"rendered":"<h3>Mehr Raum zum Wohlf\u00fchlen<\/h3>\n<p><strong>Die Kubische Senkrechtmarkise F513 mit Zip<\/strong> eignet sich als Blendschutz an Fenstern: Mit ihrem modernen Rei\u00dfverschlusssystem verhindert die F513 l\u00e4stige Lichtspalte zwischen Tuch und F\u00fchrungsschienen. Bei freistehenden Beschattungssystemen wie dem Varisol-Q.bus kann sie an bis zu vier Seiten montiert werden und als textiler Wintergarten vor Wind, tiefstehender Sonne und neugierigen Blicken sch\u00fctzen.<\/p>\n","protected":false},"featured_media":6526,"comment_status":"closed","ping_status":"closed","template":"","meta":{"_acf_changed":false},"product_brand":[],"product_cat":[310,297],"product_tag":[],"class_list":{"0":"post-6524","1":"product","2":"type-product","3":"status-publish","4":"has-post-thumbnail","6":"product_cat-fenstermarkisen","7":"product_cat-markisen","9":"first","10":"instock","11":"shipping-taxable","12":"purchasable","13":"product-type-simple"},"acf":[],"_links":{"self":[{"href":"\/shop\/wp-json\/wp\/v2\/product\/6524","targetHints":{"allow":["GET"]}}],"collection":[{"href":"\/shop\/wp-json\/wp\/v2\/product"}],"about":[{"href":"\/shop\/wp-json\/wp\/v2\/types\/product"}],"replies":[{"embeddable":true,"href":"\/shop\/wp-json\/wp\/v2\/comments?post=6524"}],"wp:featuredmedia":[{"embeddable":true,"href":"\/shop\/wp-json\/wp\/v2\/media\/6526"}],"wp:attachment":[{"href":"\/shop\/wp-json\/wp\/v2\/media?parent=6524"}],"wp:term":[{"taxonomy":"product_brand","embeddable":true,"href":"\/shop\/wp-json\/wp\/v2\/product_brand?post=6524"},{"taxonomy":"product_cat","embeddable":true,"href":"\/shop\/wp-json\/wp\/v2\/product_cat?post=6524"},{"taxonomy":"product_tag","embeddable":true,"href":"\/shop\/wp-json\/wp\/v2\/product_tag?post=6524"}],"curies":[{"name":"wp","href":"https:\/\/api.w.org\/{rel}","templated":true}]}}